5825661?
False
Does 7 divide 2168670?
True
Is 302 a factor of 1659764?
False
Does 341 divide 127193?
True
Is 46 a factor of 1272985?
False
Is 481663 a multiple of 9?
False
Does 12 divide 31377?
False
Is 165 a factor of 5416312?
False
Is 115884 a multiple of 18?
True
Does 7 divide 481558?
True
Does 97 divide 493514?
False
Is 147 a factor of 900358?
False
Does 10 divide 3206090?
True
Is 108 a factor of 12744?
True
Is 32 a factor of 1089863?
False
Does 3 divide 416772?
True
Does 23 divide 558194?
False
Is 35506 a multiple of 13?
False
Is 23 a factor of 324599?
True
Is 8 a factor of 102213?
False
Does 21 divide 3971664?
False
Is 3317772 a multiple of 12?
True
Does 51 divide 1005434?
False
Does 10 divide 456991?
False
Is 12 a factor of 2452104?
True
Is 21642135 a multiple of 1301?
True
Is 5 a factor of 1037479?
False
Is 303737 a multiple of 37?
False
Is 400 a factor of 991200?
True
Is 4352033 a multiple of 49?
True
Does 57 divide 297939?
True
Is 2201 a factor of 15770165?
True
Is 51 a factor of 5020389?
True
Does 365 divide 497338?
False
Is 2402100 a multiple of 25?
True
Is 524340 a multiple of 299?
False
Is 498664 a multiple of 2?
True
Is 77 a factor of 194078?
False
Does 12 divide 2177916?
True
Is 44679 a multiple of 116?
False
Is 146400 a multiple of 32?
True
Is 126 a factor of 237915?
False
Is 617712 a multiple of 24?
True
Is 38148 even?
True
Is 13 a factor of 94692?
True
Does 43 divide 1593064?
True
Does 50 divide 463100?
True
Is 1603 a factor of 1074010?
True
Is 5 a factor of 501960?
True
Is 571256 a multiple of 202?
True
Is 3048956 a multiple of 257?
False
Is 290 a factor of 217210?
True
Does 139 divide 5425027?
False
Is 139 a factor of 936582?
True
Does 45 divide 1094871?
False
Is 303 a factor of 242703?
True
Is 40185 a multiple of 86?
False
Is 236 a factor of 741172?
False
Is 282 a factor of 3162155?
False
Does 25 divide 84938?
False
Is 309 a factor of 2357052?
True
Is 12420 a multiple of 180?
True
Is 1650254 a multiple of 233?
False
Is 587985 a multiple of 15?
True
Is 26863200 a multiple of 52?
True
Does 110 divide 813980?
False
Does 12 divide 130594?
False
Is 3704148 a multiple of 14?
True
Is 21670 a multiple of 59?
False
Does 15 divide 1587317?
False
Is 172037 a multiple of 103?
False
Does 15 divide 4249815?
True
Does 861 divide 3723578?
False
Is 45 a factor of 713357?
False
Is 294 a factor of 908166?
True
Is 667 a factor of 14082428?
False
Is 51 a factor of 497811?
True
Is 218335 a multiple of 60?
False
Does 1485 divide 8474895?
True
Is 28 a factor of 540701?
False
Does 26 divide 23190862?
False
Is 395865 a multiple of 95?
True
Does 176 divide 27006208?
False
Is 423 a factor of 209710?
False
Is 12 a factor of 47664?
True
Does 12 divide 14457182?
False
Is 37 a factor of 1395783?
False
Is 59760 a multiple of 72?
True
Is 16 a factor of 2440384?
True
Does 283 divide 6996892?
True
Does 14 divide 141561?
False
Is 9751856 a multiple of 204?
False
Is 12429540 a multiple of 60?
True
Is 259681 a multiple of 16?
False
Is 98 a factor of 115758?
False
Is 36 a factor of 706905?
False
Is 20968 a multiple of 23?
False
Does 14 divide 187712?
True
Is 400 a factor of 1062800?
True
Is 201 a factor of 927706?
False
Is 12026534 a multiple of 1079?
True
Is 7145144 a multiple of 1052?
False
Is 1220632 a multiple of 137?
False
Is 91349 a multiple of 23?
False
Does 41 divide 44157?
True
Is 2277486 a multiple of 42?
False
Is 354 a factor of 5345140?
False
Does 85 divide 291449?
False
Does 113 divide 340669?
False
Is 63071 a multiple of 5?
False
Is 15127056 a multiple of 1204?
True
Is 5 a factor of 95065?
True
Does 13 divide 1453309?
True
Is 59 a factor of 488225?
True
Is 3862710 a multiple of 39?
False
Is 308 a factor of 104194?
False
Is 5 a factor of 136145?
True
Is 5292 a multiple of 252?
True
Is 40 a factor of 9180960?
True
Is 34 a factor of 10439?
False
Does 3 divide 220073?
False
Is 101 a factor of 12004052?
True
Does 170 divide 10016910?
True
Is 7 a factor of 723754?
False
Does 1509 divide 7093972?
False
Is 6945642 a multiple of 1063?
True
Is 14 a factor of 141778?
True
Does 9 divide 25172?
False
Is 4 a factor of 34398?
False
Does 205 divide 3558957?
False
Is 31 a factor of 130162?
False
Is 18664053 a multiple of 185?
False
Is 100 a factor of 5350600?
True
Is 280649 a multiple of 94?
False
Is 15959106 a multiple of 567?
False
Is 273001 a multiple of 284?
False
Does 6 divide 144484?
False
Is 29 a factor of 882441?
True
Is 50301 a multiple of 27?
True
Is 3929239 a multiple of 52?
False
Is 146160 a multiple of 580?
True
Does 80 divide 12000?
True
Does 168 divide 14904133?
False
Is 593073 a multiple of 111?
True
Is 7 a factor of 437339?
True
Does 6 divide 238248?
True
Is 24 a factor of 7176?
True
Does 146 divide 509394?
True
Is 16841 a multiple of 27?
False
Does 44 divide 3414268?
True
Does 128 divide 869632?
True
Is 6942723 a multiple of 2191?
False
Is 1327546 a multiple of 56?
False
Does 144 divide 391627?
False
Does 23 divide 129168?
True
Does 4 divide 78696?
True
Is 17 a factor of 43049746?
True
Is 301 a factor of 1661923?
False
Is 557065 a multiple of 3?
False
Is 7 a factor of 273354?
False
Is 96 a factor of 53263?
False
Does 472 divide 2031583?
False
Is 55 a factor of 192706?
False
Is 472655 a multiple of 11?
False
Is 3 a factor of 1034255?
False
Is 529 a factor of 1994859?
True
Is 763854 a multiple of 3?
True
Is 1277479 a multiple of 8?
False
Is 37 a factor of 53391?
True
Is 2588 a multiple of 36?
False
Is 18104 a multiple of 78?
False
Does 27 divide 10944666?
True
Is 19 a factor of 166725?
True
Does 5 divide 373487?
False
Does 243 divide 1668385?
False
Is 1840608 a multiple of 21?
True
Is 22 a factor of 1964288?
False
Is 436 a factor of 310868?
True
Does 19 divide 399722?
True
Is 349 a factor of 25128?
True
Does 146 divide 3001514?
False
Is 4 a factor of 522952?
True
Is 117 a factor of 24780?
False
Does 164 divide 5437413?
False
Does 7 divide 205810?
False
Is 290 a factor of 25762440?
True
Is 1194 a factor of 3744751?
False
Does 57 divide 140922?
False
Does 14 divide 73472?
True
Is 8 a factor of 683031?
False
Is 11 a factor of 960257?
False
Is 97 a factor of 100977?
True
Is 88 a factor of 8004280?
False
Is 21 a factor of 65587?
False
Does 1337 divide 12107872?
True
Is 607 a factor of 13325471?
True
Is 76823 a multiple of 33?
False
Is 7 a factor of 97587?
True
Is 8725411 a multiple of 138?
False
Is 48 a factor of 18631?
False
Does 55 divide 1788600?
True
Does 320 divide 9600?
True
Does 45 divide 431910?
True
Is 12 a factor of 4365780?
True
Is 510472 a multiple of 8?
True
Is 2001490 a multiple of 137?
False
Is 6310931 a multiple of 67?
True
Is 5 a factor of 73142?
False
Is 160128 a multiple of 48?
True
Is 413640 a multiple of 5?
True
Does 31 divide 725235?
False
Does 8 divide 5241?
False
Is 2786808 a multiple of 332?
True
Is 311275 a multiple of 185?
False
Is 22 a factor of 17732?
True
Does 6 divide 112902?
True
Is 1753383 a multiple of 409?
True
Does 250 divide 412250?
True
Is 7 a factor of 516327?
True
Is 44 a factor of 239027?
False
Is 195868 a multiple of 16?
False
Is 50 a factor of 34417?
False
Does 99 divide 20902?
False
Is 443052 a multiple of 3?
True
Is 1294128 a multiple of 817?
True
Does 468 divide 436176?
True
Is 3 a factor of 480375?
True
Is 2853050 a multiple of 10?
True
Is 240734 a multiple of 94?
True
Does 370 divide 12783500?
True
Is 115974 a multiple of 55?
False
Does 33 divide 14249433?
True
Is 234904 a multiple of 112?
False
Is 839 a factor of 115782?
True
Does 263 divide 8668217?
True
Is 5 a factor of 67106?
False
Does 17 divide 170170?
True
Is 116079 a multiple of 7?
False
Is 1069750 a multiple of 14?
False
Is 102945 a multiple of 14?
False
Is 329 a factor of 100490?
False
Is 230 a factor of 36340?
True
Does 25 divide 22723?
False
Is 9051504 a multiple of 316?
True
Is 564668 a multiple of 53?
False
Does 192 divide 7830336?
True
Is 155305 a multiple of 5?
True
Is 43360 a multiple of 10?
True
Does 218 divide 1486097?
False
Is 16160 a multiple of 6?
False
Does 389 divide 7440792?
True
Is 24618 a multiple of 9?
False
Is 1768500 a multiple of 75?
True
Does 376 divide 1135673?
False
Does 13 divide 868049?
True
Does 101 divide 131603?
True
Does 13 divide 50888?
False
Is 205 a factor of 3470795?
False
Does 15 divide 38340?
True
Does 243